645 = -5*b, -4*t - 5*b = -56 - 462. Suppose -4*j - 27 = -t. Calculate the remainder when 72 is divided by j.
22
Let s = -103 - -112. Calculate the remainder when 35 is divided by s.
8
Suppose 8 = -2*r + 3*r. What is the remainder when (1 - 0)*24 - 1 is divided by r?
7
Suppose a - 4 - 9 = 0. Suppose -71 = -4*p + 25. What is the remainder when p is divided by a?
11
Let o(x) = x**2 + 2*x + 1. Let i be o(-1). Suppose i = -2*q - 3*c + 21, c = 1. Let k = -22 - -47. Calculate the remainder when k is divided by q.
7
Let z(j) = -14*j**3 + j**2 + j. What is the remainder when 151 is divided by z(-1)?
11
Suppose 10 = d + 2*x, 4*x + 10 = -4*d + 58. Let n be ((-1)/(-4))/(1/(-4)). Let h(o) = -42*o - 1. What is the remainder when h(n) is divided by d?
13
Suppose -5*h - 68 = -218. What is the remainder when h is divided by 8?
6
Suppose 5*o = -3*g + 35, 5*g - 2*o - 38 = 41. What is the remainder when 42 is divided by g?
12
Suppose 7*i - 26 = 2*i - 4*b, 0 = -3*i - 2*b + 16. Let c(q) = 4*q + 2. Calculate the remainder when c(i) is divided by 2/2*18/2.
8
Let y = 16 + -15. Suppose t + y = 3. Calculate the remainder when 2 is divided by t.
0
Let y(b) = 2*b**2 - 3*b - 2. What is the remainder when y(3) is divided by 23/4 + 9/(-12)?
2
Let i = -44 + 63. Calculate the remainder when 73 is divided by i.
16
Let z(f) = -3*f - 4. Let c be z(-3). Suppose -n + 22 = c. Let j(h) = 6*h**2 + 3*h + 4. Calculate the remainder when j(-3) is divided by n.
15
Let m = -4 - -5. Suppose -2*s = m - 5. Suppose -3*k + 35 = s*k. What is the remainder when k is divided by 4?
3
Let t = 10 + -17. Let n = t - -7. Suppose n = -4*h + 60 + 60. What is the remainder when h is divided by 8?
6
Let z be 3/6 + (-1)/(-2). Suppose 3*h - z - 35 = 0. Calculate the remainder when 23 is divided by h.
11
Let a = 39 - 27. Let g(f) = -12*f - 2. Calculate the remainder when g(-3) is divided by a.
10
Suppose 3*s - 68 = -s - 2*k, -3*k - 96 = -5*s. Suppose 0 = 4*v - s - 10. Let m = v + -4. Calculate the remainder when 4 is divided by m.
1
Calculate the remainder when (-15)/(-25) + (-342)/5*-1 is divided by 24.
21
Suppose -26 = 4*n - 2*o - 6, -2*o = 0. Let i = n - -52. Suppose 20 = -5*q + 100. What is the remainder when i is divided by q?
15
Suppose -5 + 0 = -v. Suppose v*z - 16 = 4. Suppose z*r - j - 25 = 0, -4*j + 3*j + 24 = 3*r. What is the remainder when r is divided by 4?
3
What is the remainder when (-62)/(4 - (2 + 4)) is divided by 17?
14
Suppose 4*k - 3*k = 0. Suppose 0 = -4*o - 4*v + 16 + 8, -3*o + 3*v = 0. Suppose -12 = -k*c - o*c. What is the remainder when c is divided by 3?
1
Suppose -2*c - h - 3*h + 244 = 0, 5*c - 610 = 3*h. Calculate the remainder when c is divided by 18.
14
Let i = -151 + 230. What is the remainder when i is divided by 20?
19
Let l(g) = -g**2 + 7*g + 7. What is the remainder when 36 is divided by l(4)?
17
Let f = -3 + 7. Suppose f*t = -12, -o + 4*o + 5*t = 0. Suppose -b + 7 = -10. What is the remainder when b is divided by o?
2
Suppose 4*z = 5*g - 61, -22 = 5*g - 3*z - 79. Calculate the remainder when 33 is divided by g.
6
Let a = -175 + 298. What is the remainder when a is divided by 31?
30
Suppose -7 = -2*r - 17. What is the remainder when 2 is divided by ((-10)/4)/r*4?
0
Let k(j) = j**3 - 6*j**2 + 7*j + 2. Let x(u) = 34*u**3 - 2*u**2 + 1. Calculate the remainder when x(1) is divided by k(5).
9
Let z(t) = t**3 - 11*t**2 - 12*t - 10. Let l be z(12). Let j = -1 + l. Let s = 9 - j. Calculate the remainder when s is divided by 11.
9
Suppose -3 = 5*k + 2. Let v = -12 + 21. What is the remainder when v is divided by 17/3 - k/3?
3
Let z(r) = -r**3 + 4*r**2 - 3. Let j be z(4). What is the remainder when 6/(-9) - 53/j is divided by 9?
8
Suppose -3*y = -g - 10, 2*g + 0*y = 4*y - 10. Suppose -3*q = 2*q - g*k - 170, 0 = -2*q + 4*k + 64. Calculate the remainder when q is divided by 13.
10
Let v be 5/((-50)/6)*-5. Suppose -7*n + 204 = -v*n. Let h = -35 + n. Calculate the remainder when 45 is divided by h.
13
Let d be (-2 + -4)*3/(-9). Calculate the remainder when d/5 + 639/15 is divided by 15.
13
Let k = -2 - -4. Let i = 12 + k. What is the remainder when 39 is divided by i?
11
Let w = -5 - -15. Let z(k) = -k**3 + 4*k**2 + 4. What is the remainder when w is divided by z(4)?
2
Calculate the remainder when 86 is divided by (-24)/(-9)*54/8.
14
Let l(d) = -d. Let n be l(-2). Let p = n - -4. Let s(a) = 17*a + 170. Calculate the remainder when s(-9) is divided by p.
5
Let o = 40 - 20. Calculate the remainder when 77 is divided by o.
17
Calculate the remainder when 1/(2/2) + (-126)/(-9) is divided by 8.
7
Let v(b) = 10*b. Let o be 1/(-2) - 39/(-6). Let m = 8 - o. What is the remainder when v(m) is divided by 11?
9
Suppose -2*v = 2*b + 8, -3*b + 2*v - 7*v - 14 = 0. Let l = b - -8. Suppose 0 = s - 5*z, z + 7 = l*s - 41. Calculate the remainder when 19 is divided by s.
9
Suppose 123 = 5*s + 13. Calculate the remainder when 41 is divided by s.
19
Suppose g - 30 = -g. Suppose 3*m + 186 = 3*d, -5*d + 2*m = 6*m - 265. What is the remainder when d is divided by g?
12
Suppose 3*f + 2*n = 44, -4*n + 37 = 3*f - 9. Let z = 14 - 13. Let u(i) = 8*i**3 + i**2 - 2*i + 1. What is the remainder when f is divided by u(z)?
6
Let x(v) = v + 9. Let k be x(-7). Suppose 3*d - 53 = k*d. Calculate the remainder when d is divided by 18.
17
Suppose 36 = 5*j - 3*j. What is the remainder when 124 is divided by j?
16
Let d(k) = 3*k**2 + 0 + 15*k**2 + 1 + 2*k. What is the remainder when 50 is divided by d(-1)?
16
Let c(f) = f**3 - 2*f**2 + 3*f. Let g(r) be the second derivative of r**4/12 + 4*r**3/3 - 5*r**2/2 - r. What is the remainder when c(2) is divided by g(-9)?
2
Let o(f) = 4*f**2 - 3*f - 2. Let g(q) = 8*q**2 - 6*q - 4. Let t(p) = -4*g(p) + 9*o(p). Calculate the remainder when t(-3) is divided by (-94)/(-6) + (-4)/6.
13
Let n(x) = 15*x - 3. Suppose 4*q + 4*t = -0*q + 28, 4*q - 3*t + 7 = 0. Calculate the remainder when n(q) is divided by 10.
7
Let j(m) = -m**2 - 8*m + 1. Let p be j(-8). Let f(h) = 15*h - 1. Calculate the remainder when 40 is divided by f(p).
12
Let k(m) = -m**3 - 16*m**2 - m - 3. Calculate the remainder when 62 is divided by k(-16).
10
Let f(q) = 2*q**3 + 16*q**2 - 9*q - 9. Calculate the remainder when f(-8) is divided by 22.
19
What is the remainder when 1 - (-10 + -8 + 3) is divided by 10?
6
Suppose -3*s + 81 = 4*b - 4*s, 0 = -2*b - 3*s + 23. Let c = 54 + -20. What is the remainder when c is divided by b?
15
Suppose -5*f - 3*j - 33 = -195, 0 = f + 4*j - 46. Suppose 3*b - 24 = 2*u + 6, -2*u + 26 = 4*b. Calculate the remainder when f is divided by b.
6
Suppose 4*s - 1 - 23 = 0. Let p be (1*12)/(-3)*-2. Let h = p + 3. What is the remainder when h is divided by s?
5
Let n be 116/14 + (-2)/7. Let k be (n/6)/(12/18). Suppose 2*f + 4*o = 18, f - k*f + 44 = -5*o. What is the remainder when f is divided by 11?
8
Let j(t) = t - 1. Let c be j(4). Suppose -c*q + 6 = -3. Suppose -f = b - 14 - q, 27 = 3*b - 5*f. What is the remainder when b is divided by 5?
4
Let n = -5 - -19. Let s(q) = 129*q**2 + q. Let r be s(1). Suppose 6*o - r = o. Calculate the remainder when o is divided by n.
12
Let v = 89 + -38. What is the remainder when v is divided by 18?
15
Let a be 1/3*(-2 + -13). Let r = a + 7. Suppose -r*l = 2*l - 12. What is the remainder when 11 is divided by l?
2
What is the remainder when 2*((-202)/4)/(-1) is divided by (4/(-12))/((1/(-78))/1)?
23
Let c(z) = z**2 + 3*z - 4. Let b = -7 - -3. Let r be c(b). Suppose 3*q - 9 - 6 = r. Calculate the remainder when 9 is divided by q.
4
Let v(o) = 12*o. What is the remainder when v(3) is divided by 6/(-27) + 346/18?
17
Let j = 3 + 1. Suppose -j = -q - q. Suppose s = -q*s + 33. Calculate the remainder when 31 is divided by s.
9
Suppose 7*p - 4*p - 6 = 0. Suppose -4*c = -x - 33, -c - p*x + 6 = -0*c. What is the remainder when c is divided by 3?
2
Let t(f) = 10*f**2 - 2 + 3*f - 2 + 5. Suppose -20 = -r + 2*b - 0*b, 3*b = -12. What is the remainder when t(-2) is divided by r?
11
Suppose 0*x - 3*x = -5*h + 6, -4*x = h - 15. What is the remainder when 4/22 + 159/33 is divided by x?
2
Let m = -11 + 16. What is the remainder when 15 is divided by m?
0
Let l = 0 - -20. Calculate the remainder when l/4*(-78)/(-10) is divided by 20.
19
What is the remainder when 4/6 + (8 - 32/(-6)) is 